{"id":416,"date":"2013-06-25T08:42:31","date_gmt":"2013-06-25T08:42:31","guid":{"rendered":"http:\/\/www.cours-hatha-yoga.fr\/yoga\/?page_id=416"},"modified":"2013-09-24T15:14:52","modified_gmt":"2013-09-24T15:14:52","slug":"biographie-de-nathalie-line","status":"publish","type":"page","link":"http:\/\/www.cours-hatha-yoga.fr\/yoga\/biographie-de-nathalie-line\/","title":{"rendered":"Nathalie Lin\u00e9"},"content":{"rendered":"<p><a href=\"http:\/\/www.cours-hatha-yoga.fr\/yoga\/wp-content\/uploads\/2013\/06\/Photo-Nathalie1.jpg\"><img loading=\"lazy\" decoding=\"async\" class=\"alignright size-thumbnail wp-image-742\" title=\"Photo Nathalie\" src=\"http:\/\/www.cours-hatha-yoga.fr\/yoga\/wp-content\/uploads\/2013\/06\/Photo-Nathalie1-150x150.jpg\" alt=\"\" width=\"150\" height=\"150\" \/><\/a><\/p>\n<p>&nbsp;<\/p>\n<p><em>\u00ab\u00a0 A la diff\u00e9rence de ce que l\u2019on \u00e9coute, ce qui est per\u00e7u dans la totalit\u00e9 du corps, s\u2019int\u00e8gre durablement\u00a0\u00bb<\/em><\/p>\n<h2>Qualifications<\/h2>\n<h4>YOGA<\/h4>\n<ul>\n<li> Institut International de YOGI KHANE, 1978<\/li>\n<\/ul>\n<ul>\n<li> Ecole Fran\u00e7aise de Yoga (EFY), promotion 1979<\/li>\n<\/ul>\n<h4>DANSE<\/h4>\n<ul>\n<li>Salle Pleyel et Centre Am\u00e9ricain, 1972 \u2013 1976<\/li>\n<\/ul>\n<ul>\n<li> Centre International de la Danse (CID), 1973 \u2013 1974<\/li>\n<\/ul>\n<h4>MIME<\/h4>\n<ul>\n<li>Th\u00e9\u00e2tre Ecole Mouvement et Pens\u00e9e (TEMP)<\/li>\n<\/ul>\n<ul>\n<li> Etienne DECROUX \u2013 PINOK et MATHO, 1975<\/li>\n<\/ul>\n<h2>Exp\u00e9riences<\/h2>\n<p>Depuis 1977, j\u2019enseigne le Yoga dans divers centres et organismes, notamment\u00a0:<\/p>\n<p>&#8211;\u00a0\u00a0\u00a0\u00a0\u00a0\u00a0\u00a0 L\u2019Ecole Nationale d\u2019Administration (ENA), depuis 1981,<\/p>\n<p>&#8211;\u00a0\u00a0\u00a0\u00a0\u00a0\u00a0\u00a0 L\u2019Institut International d\u2019Administration Publique (IIAP), depuis 1986,<\/p>\n<p>&#8211;\u00a0\u00a0\u00a0\u00a0\u00a0\u00a0\u00a0 L\u2019Ecole Nationale Sup\u00e9rieure des PTT (ENSPTT), 1990 \u2013 2000<\/p>\n<p>Dans le cadre de la Formation Permanente, con\u00e7oit et anime des Stages en mati\u00e8re de\u00a0:<\/p>\n<p>&#8211;\u00a0\u00a0\u00a0\u00a0\u00a0\u00a0\u00a0 Management et Communication<\/p>\n<p>&#8211;\u00a0\u00a0\u00a0\u00a0\u00a0\u00a0\u00a0 Gestion du Stress\u00a0: l\u2019approche corporelle<\/p>\n<p>&nbsp;<\/p>\n<p>&nbsp;<\/p>\n","protected":false},"excerpt":{"rendered":"<p>&nbsp; \u00ab\u00a0 A la diff\u00e9rence de ce que l\u2019on \u00e9coute, ce qui est per\u00e7u dans la totalit\u00e9 du corps, s\u2019int\u00e8gre durablement\u00a0\u00bb Qualifications YOGA Institut International de YOGI KHANE, 1978 Ecole Fran\u00e7aise de Yoga (EFY), promotion 1979 DANSE Salle Pleyel et Centre Am\u00e9ricain, 1972 \u2013 1976 Centre International de la Danse (CID), 1973 \u2013 1974 MIME Th\u00e9\u00e2tre Ecole Mouvement et Pens\u00e9e <a class=\"more-link\" href=\"http:\/\/www.cours-hatha-yoga.fr\/yoga\/biographie-de-nathalie-line\/\">Continuer la lecture <span class=\"screen-reader-text\">  Nathalie Lin\u00e9<\/span><span class=\"meta-nav\">&rarr;<\/span><\/a><\/p>\n","protected":false},"author":1,"featured_media":0,"parent":0,"menu_order":0,"comment_status":"closed","ping_status":"closed","template":"","meta":{"footnotes":""},"class_list":["post-416","page","type-page","status-publish","hentry"],"_links":{"self":[{"href":"http:\/\/www.cours-hatha-yoga.fr\/yoga\/wp-json\/wp\/v2\/pages\/416","targetHints":{"allow":["GET"]}}],"collection":[{"href":"http:\/\/www.cours-hatha-yoga.fr\/yoga\/wp-json\/wp\/v2\/pages"}],"about":[{"href":"http:\/\/www.cours-hatha-yoga.fr\/yoga\/wp-json\/wp\/v2\/types\/page"}],"author":[{"embeddable":true,"href":"http:\/\/www.cours-hatha-yoga.fr\/yoga\/wp-json\/wp\/v2\/users\/1"}],"replies":[{"embeddable":true,"href":"http:\/\/www.cours-hatha-yoga.fr\/yoga\/wp-json\/wp\/v2\/comments?post=416"}],"version-history":[{"count":27,"href":"http:\/\/www.cours-hatha-yoga.fr\/yoga\/wp-json\/wp\/v2\/pages\/416\/revisions"}],"predecessor-version":[{"id":743,"href":"http:\/\/www.cours-hatha-yoga.fr\/yoga\/wp-json\/wp\/v2\/pages\/416\/revisions\/743"}],"wp:attachment":[{"href":"http:\/\/www.cours-hatha-yoga.fr\/yoga\/wp-json\/wp\/v2\/media?parent=416"}],"curies":[{"name":"wp","href":"https:\/\/api.w.org\/{rel}","templated":true}]}}